 thousands digit of 16305?
6
What is the tens digit of 647?
4
What is the units digit of 4711?
1
What is the hundreds digit of 121476?
4
What is the tens digit of 8372?
7
What is the hundreds digit of 21533?
5
What is the units digit of 20318?
8
What is the hundreds digit of 29850?
8
What is the thousands digit of 31457?
1
What is the units digit of 25099?
9
What is the units digit of 2223?
3
What is the hundreds digit of 14215?
2
What is the ten thousands digit of 54933?
5
What is the hundreds digit of 70303?
3
What is the thousands digit of 34182?
4
What is the hundreds digit of 45212?
2
What is the hundreds digit of 6075?
0
What is the units digit of 5329?
9
What is the hundreds digit of 12464?
4
What is the hundred thousands digit of 100290?
1
What is the hundreds digit of 14100?
1
What is the tens digit of 7002?
0
What is the hundreds digit of 9071?
0
What is the units digit of 362?
2
What is the units digit of 480?
0
What is the thousands digit of 23988?
3
What is the units digit of 292?
2
What is the hundreds digit of 4089?
0
What is the units digit of 25213?
3
What is the units digit of 5519?
9
What is the units digit of 713?
3
What is the tens digit of 21550?
5
What is the hundreds digit of 290?
2
What is the tens digit of 39431?
3
What is the tens digit of 28151?
5
What is the ten thousands digit of 40241?
4
What is the hundreds digit of 26228?
2
What is the tens digit of 1175?
7
What is the ten thousands digit of 63966?
6
What is the tens digit of 5881?
8
What is the ten thousands digit of 18745?
1
What is the thousands digit of 4833?
4
What is the hundreds digit of 56485?
4
What is the thousands digit of 1926?
1
What is the hundreds digit of 1212?
2
What is the tens digit of 66453?
5
What is the units digit of 4315?
5
What is the hundreds digit of 316?
3
What is the tens digit of 812?
1
What is the hundreds digit of 981?
9
What is the hundreds digit of 1021?
0
What is the tens digit of 6179?
7
What is the hundreds digit of 8796?
7
What is the units digit of 5848?
8
What is the tens digit of 711?
1
What is the tens digit of 681?
8
What is the tens digit of 9839?
3
What is the tens digit of 99368?
6
What is the tens digit of 61401?
0
What is the thousands digit of 3171?
3
What is the ten thousands digit of 36838?
3
What is the hundreds digit of 9194?
1
What is the thousands digit of 1068?
1
What is the units digit of 72?
2
What is the hundreds digit of 966?
9
What is the tens digit of 6761?
6
What is the units digit of 1648?
8
What is the tens digit of 1513?
1
What is the thousands digit of 5034?
5
What is the thousands digit of 4955?
4
What is the thousands digit of 104498?
4
What is the units digit of 45861?
1
What is the thousands digit of 169760?
9
What is the hundreds digit of 2622?
6
What is the ten thousands digit of 63983?
6
What is the thousands digit of 73696?
3
What is the tens digit of 998?
9
What is the thousands digit of 28405?
8
What is the thousands digit of 101850?
1
What is the tens digit of 2386?
8
What is the tens digit of 5620?
2
What is the hundreds digit of 1621?
6
What is the hundreds digit of 7842?
8
What is the hundreds digit of 203?
2
What is the hundreds digit of 886?
8
What is the tens digit of 8657?
5
What is the units digit of 2078?
8
What is the thousands digit of 2218?
2
What is the hundreds digit of 5870?
8
What is the thousands digit of 1769?
1
What is the tens digit of 783?
8
What is the tens digit of 39?
3
What is the hundred thousands digit of 178372?
1
What is the hundreds digit of 1485?
4
What is the tens digit of 105491?
9
What is the ten thousands digit of 27756?
2
What is the thousands digit of 3102?
3
What is the tens digit of 5020?
2
What is the units digit of 684?
4
What is the ten thousands digit of 21189?
2
What is the hundreds digit of 6671?
6
What is the thousands digit of 5486?
5
What is the thousands digit of 1040?
1
What is the tens digit of 1358?
5
What is the hundreds digit of 1582?
5
What is the tens digit of 143?
4
What is the tens digit of 126810?
1
What is the thousands digit of 68795?
8
What is the hundreds digit of 55133?
1
What is the hundreds digit of 37566?
5
What is the thousands digit of 3305?
3
What is the ten thousands digit of 46853?
4
What is the units digit of 56378?
8
What is the hundreds digit of 8732?
7
What is the tens digit of 3920?
2
What is the ten thousands digit of 29414?
2
What is the tens digit of 429?
2
What is the hundreds digit of 311?
3
What is the thousands digit of 1504?
1
What is the units digit of 880?
0
What is the tens digit of 2596?
9
What is the units digit of 248?
8
What is the tens digit of 896?
9
What is the thousands digit of 27404?
7
What is the ten thousands digit of 63714?
6
What is the hundreds digit of 5865?
8
What is the tens digit of 2408?
0
What is the thousands digit of 30932?
0
What is the tens digit of 2874?
7
What is the hundreds digit of 1646?
6
What is the tens digit of 84559?
5
What is the tens digit of 3874?
7
What is the units digit of 4352?
2
What is the tens digit of 528?
2
What is the units digit of 28901?
1
What is the hundreds digit of 127984?
9
What is the tens digit of 21131?
3
What is the tens digit of 2234?
3
What is the hundreds digit of 25391?
3
What is the hundreds digit of 170?
1
What is the hundreds digit of 1608?
6
What is the units digit of 6835?
5
What is the units digit of 51103?
3
What is the units digit of 3327?
7
What is the tens digit of 1251?
5
What is the thousands digit of 6106?
6
What is the thousands digit of 1139?
1
What is the hundreds digit of 16944?
9
What is the tens digit of 6337?
3
What is the ten thousands digit of 15274?
1
What is the tens digit of 125983?
8
What is the units digit of 50647?
7
What is the units digit of 25496?
6
What is the tens digit of 922?
2
What is the thousands digit of 36847?
6
What is the tens digit of 52207?
0
What is the units digit of 531?
1
What is the tens digit of 1203?
0
What is the tens digit of 2024?
2
What is the thousands digit of 29341?
9
What is the hundreds digit of 38462?
4
What is the units digit of 524?
4
What is the hundreds digit of 5240?
2
What is the tens digit of 40768?
6
What is the units digit of 34924?
4
What is the tens digit of 15127?
2
What is the units digit of 235?
5
What is the thousands digit of 19939?
9
What is the units digit of 21683?
3
What is the hundreds digit of 927?
9
What is the tens digit of 112127?
2
What is the thousands digit of 26989?
6
What is the units digit of 51?
1
What is the ten thousands digit of 37864?
3
What is the hundreds digit of 48311?
3
What is the thousands digit of 7623?
7
What is the units digit of 124409?
9
What is the tens digit of 952?
5
What is the tens digit of 1552?
5
What is the units digit of 4710?
0
What is the hundreds digit of 968?
9
What is the hundreds digit of 21843?
8
What is the ten thousands digit of 29018?
2
What is the units digit of 823?
3
What is the hundreds digit of 42383?
3
What is the thousands digit of 57865?
7
What is the units digit of 14347?
7
What is the units digit of 1658?
8
What is the hundreds digit of 105423?
4
What is the hundreds digit of 63414?
4
What is the thousands digit of 40440?
0
What is the tens digit of 760?
6
What is the tens digit of 1837?
3
What is the hundreds digit of 6660?
6
What is the thousands digit of 119014?
9
What is the thousands digit of 30648?
0
What is the thousands digit of 4833?
4
What is the ten thousands digit of 15008?
1
What is the tens digit of 11327?
2
What is the tens digit of 104711?
1
What is the tens digit of 8172?
7
What is the hundreds digit of 69948?
9
What is the hundreds digit of 32040?
0
What is the tens digit of 527?
2
What is the hundreds digit of 804?
8
What is the units digit of 199?
9
What is the thousands digit of 7262?
7
What is the units digit of 28852?
2
What is the tens digit of 4257?
5
What is the tens digit of 867?
6
What is the units digit of 7358?
8
What is the thousands digit of 141188?
1
What is the tens digit of 2940?
4
What is the thousands digit of 9977?
9
What is the hundreds digit of 599?
5
What is the tens digit of 82005?
0
What is the units digit of 70083?
3
What is the tens digit of 449?
4
What is the units digit of 533?
3
What is the hundreds digit of 114?
1
What is the tens digit of 263?
6
W